er?
False
Is 1127769 a prime number?
False
Is 1171229 prime?
False
Is 14399191 a composite number?
False
Is 4205611 prime?
True
Is 26994029 prime?
True
Is 493159 prime?
True
Is 6813181 composite?
False
Is 6816295 a composite number?
True
Is 176461913 composite?
False
Is 72554279 a prime number?
False
Is 453002087 prime?
True
Is 74329427 a composite number?
False
Is 19612949 prime?
True
Is 79476977 composite?
True
Is 9054763 a composite number?
False
Is 137071471 prime?
True
Is 147176209 a composite number?
True
Is 413550433 a prime number?
True
Is 141342283 a composite number?
False
Is 714971 prime?
True
Is 10046087 composite?
False
Is 53654917 a prime number?
False
Is 662963 a composite number?
True
Is 32644189 a composite number?
True
Is 83330807 a prime number?
False
Is 15519241 composite?
False
Is 22611469 composite?
False
Is 4024907 composite?
True
Is 13035601 a composite number?
False
Is 3033227 a prime number?
False
Is 7361833 prime?
False
Is 44447347 a prime number?
False
Is 11805011 prime?
True
Is 8133511 a composite number?
False
Is 2568979 a prime number?
False
Is 4539149 composite?
False
Is 7955339 a composite number?
True
Is 9046151 a composite number?
False
Is 13246907 composite?
False
Is 28780667 composite?
False
Is 1337639 prime?
False
Is 1933199 a prime number?
True
Is 365705981 a composite number?
True
Is 40921981 a prime number?
True
Is 31419754 prime?
False
Is 1474421887 prime?
True
Is 35524571 a prime number?
True
Is 153133 prime?
True
Is 127231877 composite?
False
Is 317732726 prime?
False
Is 12582917 composite?
False
Is 83713493 composite?
False
Is 13455467 a prime number?
True
Is 531627 prime?
False
Is 212130159 a prime number?
False
Is 719819 composite?
True
Is 5517443 a composite number?
True
Is 64530287 a composite number?
False
Is 26871343 prime?
True
Is 563401 a prime number?
True
Is 55288747 a prime number?
True
Is 313680467 prime?
False
Is 3226571 a prime number?
True
Is 12230629 prime?
True
Is 1074833 prime?
True
Is 96099529 composite?
False
Is 2304997 a prime number?
True
Is 549529 a composite number?
True
Is 89572591 a prime number?
True
Is 1720682 composite?
True
Is 26441279 a prime number?
False
Is 18866161 a prime number?
True
Is 530047201 a composite number?
False
Is 2114803 a composite number?
False
Is 225497582 a prime number?
False
Is 1464545 composite?
True
Is 31628165 composite?
True
Is 113310731 prime?
True
Is 8103019 a prime number?
True
Is 3713027 a prime number?
True
Is 3081259 a prime number?
True
Is 38673857 a prime number?
True
Is 4898869 a prime number?
False
Is 1951427 composite?
True
Is 41514467 prime?
True
Is 112515721 prime?
True
Is 12253469 composite?
False
Is 54043537 a prime number?
False
Is 2565791 a composite number?
False
Is 193547707 prime?
True
Is 64735831 a prime number?
False
Is 3239473 a composite number?
False
Is 251509 a composite number?
True
Is 92368585 composite?
True
Is 9344194 prime?
False
Is 143927719 prime?
False
Is 5644673 a composite number?
False
Is 11636423 composite?
False
Is 1111499 composite?
False
Is 977353 a composite number?
True
Is 38927539 a composite number?
True
Is 150491389 a composite number?
False
Is 2301913 composite?
True
Is 14559109 a composite number?
False
Is 44006113 a composite number?
True
Is 11105867 a composite number?
False
Is 43508615 a composite number?
True
Is 47905073 composite?
False
Is 10157341 a prime number?
True
Is 12179785 prime?
False
Is 22303691 a prime number?
False
Is 201128281 a composite number?
True
Is 46035686 composite?
True
Is 5623159 composite?
False
Is 306608123 a composite number?
False
Is 2300053 prime?
False
Is 56714789 prime?
False
Is 37887181 a prime number?
True
Is 9266753 a prime number?
True
Is 609485581 a prime number?
False
Is 13799281 composite?
False
Is 24317 a composite number?
False
Is 112921621 a prime number?
False
Is 88169 prime?
True
Is 1065896669 composite?
False
Is 12902791 a composite number?
True
Is 122306131 prime?
True
Is 6638101 a prime number?
True
Is 784751551 composite?
False
Is 2403599 a composite number?
True
Is 264708217 prime?
True
Is 598061 a prime number?
False
Is 11699417 a prime number?
False
Is 5228627 a prime number?
False
Is 198237873 a composite number?
True
Is 4754831 a composite number?
True
Is 17886565 a composite number?
True
Is 2473697 a composite number?
False
Is 5444129 composite?
False
Is 50900557 prime?
False
Is 56460889 a composite number?
True
Is 22126133 prime?
False
Is 5100419 composite?
True
Is 3385313 prime?
True
Is 510429871 prime?
False
Is 1425217 prime?
True
Is 73825081 a composite number?
True
Is 545567 prime?
False
Is 78864499 prime?
False
Is 1932563 a composite number?
False
Is 11481797 composite?
False
Is 28445467 composite?
False
Is 67535123 a prime number?
True
Is 38441366 a composite number?
True
Is 71252177 a prime number?
False
Is 3183253 prime?
False
Is 2293779 prime?
False
Is 20359243 a prime number?
False
Is 44956529 a prime number?
False
Is 9317489 a prime number?
False
Is 1248013 a prime number?
False
Is 2396879 composite?
True
Is 94482601 a composite number?
False
Is 51434171 a prime number?
True
Is 26494693 prime?
False
Is 13264609 composite?
False
Is 34211 a prime number?
True
Is 8387369 prime?
True
Is 793159 prime?
True
Is 4530363 composite?
True
Is 42797609 a composite number?
False
Is 1660837 a composite number?
False
Is 17757709 a prime number?
False
Is 523879 a prime number?
False
Is 131660209 a composite number?
False
Is 89347 a composite number?
True
Is 3771577 prime?
True
Is 788627495 composite?
True
Is 20937443 prime?
True
Is 11878 composite?
True
Is 83728201 a composite number?
True
Is 15695103 composite?
True
Is 1597913 a composite number?
False
Is 8137763 composite?
False
Is 144354887 a composite number?
True
Is 2170549 a composite number?
False
Is 264377587 composite?
True
Is 36954553 a composite number?
False
Is 350411 composite?
False
Is 4285049 composite?
False
Is 5204383 composite?
True
Is 1579297 composite?
False
Is 251180971 composite?
True
Is 612583 composite?
False
Is 15047881 a prime number?
True
Is 44940374 a prime number?
False
Is 9837481 a composite number?
False
Is 66343141 composite?
True
Is 143475335 a composite number?
True
Is 8002129 prime?
False
Is 85328833 a prime number?
False
Is 121345313 composite?
False
Is 111759 prime?
False
Is 6648249 composite?
True
Is 6551653 composite?
False
Is 113700833 a composite number?
False
Is 254864179 prime?
False
Is 62980273 prime?
True
Is 643735 a prime number?
False
Is 6815294 prime?
False
Is 182297 composite?
False
Is 60821099 a prime number?
False
Is 112445863 prime?
True
Is 6741313 prime?
True
Is 93739 prime?
True
Is 23350831 prime?
False
Is 590080679 prime?
True
Is 37377683 a composite number?
True
Is 3754843 a prime number?
True
Is 977437 a prime number?
True
Is 661457219 prime?
True
Is 2747947 a prime number?
True
Is 10699121 a composite number?
False
Is 41522069 a composite number?
True
Is 120186347 prime?
False
Is 737843 composite?
False
Is 343373 a composite number?
False
Is 567517 composite?
True
Is 9875909 prime?
False
Is 116518657 composite?
True
Is 136627 composite?
True
Is 7192301 a prime number?
True
Is 443397 prime?
False
Is 230114 prime?
False
Is 37492813 composite?
True
Is 82474682 composite?
True
Is 6444379 prime?
False
Is 90450313 a composite number?
True
Is 29322679 prime?
True
Is 4647653 composite?
False
Is 14846161 prime?
False
Is 15917711 prime?
True
Is 53619977 a composite number?
False
Is 52452343 a composite number?
True
Is 28286617 composite?
False
Is 2463709 a prime number?
False
Is 1629642295 a prime number?
False
Is 5264351 composite?
False
Is 104303431 prime?
False
Is 10091551 a prime number?
True
Is 13229699 prime?
False
Is 86464691 a prime number?
True
Is 3721229 a prime number?
True
Is 15359749 prime?
True
Is 116158241 a composite number?
True
Is 7158133 a prime number?
True
Is 22178449 a composite number?
True
Is 15093509 a prime number?
False
Is 30936007 a prime number?
False
Is 41710003 a prime number?
True
Is 1801967 a composite number?
False
Is 1720489 composite?
True
Is 289770373 composite?
True
Is 312800233 a prime number?
False
Is 17678807 a prime number?
False
Is 81527549 composite?
False
Is 31272247 composite?
False
Is 2198731 a p